{"id":1137,"date":"2018-07-02T07:46:56","date_gmt":"2018-07-02T10:46:56","guid":{"rendered":"https:\/\/radiustheme.com\/demo\/wordpress\/eventalk\/?page_id=1137"},"modified":"2025-01-24T15:39:36","modified_gmt":"2025-01-24T18:39:36","slug":"conheca-belo-horizonte","status":"publish","type":"page","link":"https:\/\/eventosfcdlmg.org.br\/ce2023\/conheca-belo-horizonte\/","title":{"rendered":"Conhe\u00e7a Belo Horizonte"},"content":{"rendered":"\t\t<div data-elementor-type=\"wp-post\" data-elementor-id=\"1137\" class=\"elementor elementor-1137\">\n\t\t\t\t\t\t\t\t\t<section class=\"elementor-section elementor-top-section elementor-element elementor-element-8bee099 elementor-section-boxed elementor-section-height-default elementor-section-height-default\" data-id=\"8bee099\" data-element_type=\"section\">\n\t\t\t\t\t\t<div class=\"elementor-container elementor-column-gap-default\">\n\t\t\t\t\t<div class=\"elementor-column elementor-col-100 elementor-top-column elementor-element elementor-element-b05ebb2\" data-id=\"b05ebb2\" data-element_type=\"column\">\n\t\t\t<div class=\"elementor-widget-wrap elementor-element-populated\">\n\t\t\t\t\t\t\t\t<div class=\"elementor-element elementor-element-b314ff8 elementor-widget elementor-widget-heading\" data-id=\"b314ff8\" data-element_type=\"widget\" data-widget_type=\"heading.default\">\n\t\t\t\t<div class=\"elementor-widget-container\">\n\t\t\t<style>\/*! elementor - v3.7.8 - 02-10-2022 *\/\n.elementor-heading-title{padding:0;margin:0;line-height:1}.elementor-widget-heading .elementor-heading-title[class*=elementor-size-]>a{color:inherit;font-size:inherit;line-height:inherit}.elementor-widget-heading .elementor-heading-title.elementor-size-small{font-size:15px}.elementor-widget-heading .elementor-heading-title.elementor-size-medium{font-size:19px}.elementor-widget-heading .elementor-heading-title.elementor-size-large{font-size:29px}.elementor-widget-heading .elementor-heading-title.elementor-size-xl{font-size:39px}.elementor-widget-heading .elementor-heading-title.elementor-size-xxl{font-size:59px}<\/style><h3 class=\"elementor-heading-title elementor-size-default\">Beag\u00e1: cidade boa para viver e empreender <\/h3>\t\t<\/div>\n\t\t\t\t<\/div>\n\t\t\t\t\t<\/div>\n\t\t<\/div>\n\t\t\t\t\t\t\t<\/div>\n\t\t<\/section>\n\t\t\t\t<section class=\"elementor-section elementor-top-section elementor-element elementor-element-cf434cb elementor-section-boxed elementor-section-height-default elementor-section-height-default\" data-id=\"cf434cb\" data-element_type=\"section\">\n\t\t\t\t\t\t<div class=\"elementor-container elementor-column-gap-default\">\n\t\t\t\t\t<div class=\"elementor-column elementor-col-100 elementor-top-column elementor-element elementor-element-f8d110b\" data-id=\"f8d110b\" data-element_type=\"column\">\n\t\t\t<div class=\"elementor-widget-wrap elementor-element-populated\">\n\t\t\t\t\t\t\t\t<div class=\"elementor-element elementor-element-cf9c166 elementor-widget elementor-widget-text-editor\" data-id=\"cf9c166\" data-element_type=\"widget\" data-widget_type=\"text-editor.default\">\n\t\t\t\t<div class=\"elementor-widget-container\">\n\t\t\t<style>\/*! elementor - v3.7.8 - 02-10-2022 *\/\n.elementor-widget-text-editor.elementor-drop-cap-view-stacked .elementor-drop-cap{background-color:#818a91;color:#fff}.elementor-widget-text-editor.elementor-drop-cap-view-framed .elementor-drop-cap{color:#818a91;border:3px solid;background-color:transparent}.elementor-widget-text-editor:not(.elementor-drop-cap-view-default) .elementor-drop-cap{margin-top:8px}.elementor-widget-text-editor:not(.elementor-drop-cap-view-default) .elementor-drop-cap-letter{width:1em;height:1em}.elementor-widget-text-editor .elementor-drop-cap{float:left;text-align:center;line-height:1;font-size:50px}.elementor-widget-text-editor .elementor-drop-cap-letter{display:inline-block}<\/style>\t\t\t\t<p><span style=\"color: #757575; font-family: Poppins, sans-serif; font-size: 14px; text-align: left;\">Cercada pela Serra do Curral, que lhe serve de moldura natural e refer\u00eancia hist\u00f3rica, Belo Horizonte conta com uma popula\u00e7\u00e3o de mais de 2,5 milh\u00f5es de pessoas e<\/span><span style=\"color: var( --e-global-color-text ); font-family: var( --e-global-typography-text-font-family ), Sans-serif;\">\u00a0<\/span><span style=\"color: #757575; font-family: Poppins, sans-serif; font-size: 14px; text-align: left;\">ocupa territ\u00f3rio de 331 km\u00b2 em localiza\u00e7\u00e3o privilegiada. Sua \u00e1rea de influ\u00eancia conta com os 34 munic\u00edpios da Regi\u00e3o Metropolitana, o que amplia a popula\u00e7\u00e3o para 4,9 milh\u00f5es de habitantes, e se expande para cerca de 80 cidades num raio de 100 quil\u00f4metros, movimentando um mercado de 6,4 milh\u00f5es de consumidores a mais.\u00a0<\/span><\/p>\t\t\t\t\t\t<\/div>\n\t\t\t\t<\/div>\n\t\t\t\t\t<\/div>\n\t\t<\/div>\n\t\t\t\t\t\t\t<\/div>\n\t\t<\/section>\n\t\t\t\t<section class=\"elementor-section elementor-top-section elementor-element elementor-element-160454e elementor-section-boxed elementor-section-height-default elementor-section-height-default\" data-id=\"160454e\" data-element_type=\"section\">\n\t\t\t\t\t\t<div class=\"elementor-container elementor-column-gap-default\">\n\t\t\t\t\t<div class=\"elementor-column elementor-col-100 elementor-top-column elementor-element elementor-element-322d93b\" data-id=\"322d93b\" data-element_type=\"column\">\n\t\t\t<div class=\"elementor-widget-wrap elementor-element-populated\">\n\t\t\t\t\t\t\t\t<div class=\"elementor-element elementor-element-6ee79cd gallery-spacing-custom elementor-widget elementor-widget-image-gallery\" data-id=\"6ee79cd\" data-element_type=\"widget\" data-widget_type=\"image-gallery.default\">\n\t\t\t\t<div class=\"elementor-widget-container\">\n\t\t\t<style>\/*! elementor - v3.7.8 - 02-10-2022 *\/\n.elementor-image-gallery .gallery-item{display:inline-block;text-align:center;vertical-align:top;width:100%;max-width:100%;margin:0 auto}.elementor-image-gallery .gallery-item img{margin:0 auto}.elementor-image-gallery .gallery-item .gallery-caption{margin:0}.elementor-image-gallery figure img{display:block}.elementor-image-gallery figure figcaption{width:100%}.gallery-spacing-custom .elementor-image-gallery .gallery-icon{padding:0}@media (min-width:768px){.elementor-image-gallery .gallery-columns-2 .gallery-item{max-width:50%}.elementor-image-gallery .gallery-columns-3 .gallery-item{max-width:33.33%}.elementor-image-gallery .gallery-columns-4 .gallery-item{max-width:25%}.elementor-image-gallery .gallery-columns-5 .gallery-item{max-width:20%}.elementor-image-gallery .gallery-columns-6 .gallery-item{max-width:16.666%}.elementor-image-gallery .gallery-columns-7 .gallery-item{max-width:14.28%}.elementor-image-gallery .gallery-columns-8 .gallery-item{max-width:12.5%}.elementor-image-gallery .gallery-columns-9 .gallery-item{max-width:11.11%}.elementor-image-gallery .gallery-columns-10 .gallery-item{max-width:10%}}@media (min-width:480px) and (max-width:767px){.elementor-image-gallery .gallery.gallery-columns-2 .gallery-item,.elementor-image-gallery .gallery.gallery-columns-3 .gallery-item,.elementor-image-gallery .gallery.gallery-columns-4 .gallery-item,.elementor-image-gallery .gallery.gallery-columns-5 .gallery-item,.elementor-image-gallery .gallery.gallery-columns-6 .gallery-item,.elementor-image-gallery .gallery.gallery-columns-7 .gallery-item,.elementor-image-gallery .gallery.gallery-columns-8 .gallery-item,.elementor-image-gallery .gallery.gallery-columns-9 .gallery-item,.elementor-image-gallery .gallery.gallery-columns-10 .gallery-item{max-width:50%}}@media (max-width:479px){.elementor-image-gallery .gallery.gallery-columns-2 .gallery-item,.elementor-image-gallery .gallery.gallery-columns-3 .gallery-item,.elementor-image-gallery .gallery.gallery-columns-4 .gallery-item,.elementor-image-gallery .gallery.gallery-columns-5 .gallery-item,.elementor-image-gallery .gallery.gallery-columns-6 .gallery-item,.elementor-image-gallery .gallery.gallery-columns-7 .gallery-item,.elementor-image-gallery .gallery.gallery-columns-8 .gallery-item,.elementor-image-gallery .gallery.gallery-columns-9 .gallery-item,.elementor-image-gallery .gallery.gallery-columns-10 .gallery-item{max-width:100%}}<\/style>\t\t<div class=\"elementor-image-gallery\">\n\t\t\t<div id='gallery-1' class='gallery galleryid-1137 gallery-columns-3 gallery-size-eventalk-size3'><figure class='gallery-item'>\n\t\t\t<div class='gallery-icon landscape'>\n\t\t\t\t<a data-elementor-open-lightbox=\"yes\" data-elementor-lightbox-slideshow=\"6ee79cd\" data-elementor-lightbox-title=\"Pra\u00e7a da Esta\u00e7\u00e3o\" e-action-hash=\"#elementor-action%3Aaction%3Dlightbox%26settings%3DeyJpZCI6NDQ2NSwidXJsIjoiaHR0cHM6XC9cL2V2ZW50b3NmY2RsbWcub3JnLmJyXC9jZTIwMjNcL3dwLWNvbnRlbnRcL3VwbG9hZHNcLzIwMjNcLzAyXC9iaDEtMS5qcGciLCJzbGlkZXNob3ciOiI2ZWU3OWNkIn0%3D\" href='https:\/\/eventosfcdlmg.org.br\/ce2023\/wp-content\/uploads\/2023\/02\/bh1-1.jpg'><img loading=\"lazy\" decoding=\"async\" width=\"570\" height=\"380\" src=\"https:\/\/eventosfcdlmg.org.br\/ce2023\/wp-content\/uploads\/2023\/02\/bh1-1-570x380.jpg\" class=\"attachment-eventalk-size3 size-eventalk-size3\" alt=\"\" srcset=\"https:\/\/eventosfcdlmg.org.br\/ce2023\/wp-content\/uploads\/2023\/02\/bh1-1-570x380.jpg 570w, https:\/\/eventosfcdlmg.org.br\/ce2023\/wp-content\/uploads\/2023\/02\/bh1-1-570x380@2x.jpg 1140w\" sizes=\"auto, (max-width: 570px) 100vw, 570px\" \/><\/a>\n\t\t\t<\/div><\/figure><figure class='gallery-item'>\n\t\t\t<div class='gallery-icon landscape'>\n\t\t\t\t<a data-elementor-open-lightbox=\"yes\" data-elementor-lightbox-slideshow=\"6ee79cd\" data-elementor-lightbox-title=\"Igreja Nossa Senhora da Boa Viagem\" e-action-hash=\"#elementor-action%3Aaction%3Dlightbox%26settings%3DeyJpZCI6NDQ2OSwidXJsIjoiaHR0cHM6XC9cL2V2ZW50b3NmY2RsbWcub3JnLmJyXC9jZTIwMjNcL3dwLWNvbnRlbnRcL3VwbG9hZHNcLzIwMjNcLzAyXC9iaDUuanBnIiwic2xpZGVzaG93IjoiNmVlNzljZCJ9\" href='https:\/\/eventosfcdlmg.org.br\/ce2023\/wp-content\/uploads\/2023\/02\/bh5.jpg'><img loading=\"lazy\" decoding=\"async\" width=\"570\" height=\"380\" src=\"https:\/\/eventosfcdlmg.org.br\/ce2023\/wp-content\/uploads\/2023\/02\/bh5-570x380.jpg\" class=\"attachment-eventalk-size3 size-eventalk-size3\" alt=\"\" srcset=\"https:\/\/eventosfcdlmg.org.br\/ce2023\/wp-content\/uploads\/2023\/02\/bh5-570x380.jpg 570w, https:\/\/eventosfcdlmg.org.br\/ce2023\/wp-content\/uploads\/2023\/02\/bh5-300x200.jpg 300w, https:\/\/eventosfcdlmg.org.br\/ce2023\/wp-content\/uploads\/2023\/02\/bh5-1024x682.jpg 1024w, https:\/\/eventosfcdlmg.org.br\/ce2023\/wp-content\/uploads\/2023\/02\/bh5-1536x1023.jpg 1536w, https:\/\/eventosfcdlmg.org.br\/ce2023\/wp-content\/uploads\/2023\/02\/bh5.jpg 1600w, https:\/\/eventosfcdlmg.org.br\/ce2023\/wp-content\/uploads\/2023\/02\/bh5-570x380@2x.jpg 1140w, https:\/\/eventosfcdlmg.org.br\/ce2023\/wp-content\/uploads\/2023\/02\/bh5-300x200@2x.jpg 600w\" sizes=\"auto, (max-width: 570px) 100vw, 570px\" \/><\/a>\n\t\t\t<\/div><\/figure><figure class='gallery-item'>\n\t\t\t<div class='gallery-icon landscape'>\n\t\t\t\t<a data-elementor-open-lightbox=\"yes\" data-elementor-lightbox-slideshow=\"6ee79cd\" data-elementor-lightbox-title=\"Pra\u00e7a da Liberdade\" e-action-hash=\"#elementor-action%3Aaction%3Dlightbox%26settings%3DeyJpZCI6NDQ2NiwidXJsIjoiaHR0cHM6XC9cL2V2ZW50b3NmY2RsbWcub3JnLmJyXC9jZTIwMjNcL3dwLWNvbnRlbnRcL3VwbG9hZHNcLzIwMjNcLzAyXC9iaDItMS5qcGciLCJzbGlkZXNob3ciOiI2ZWU3OWNkIn0%3D\" href='https:\/\/eventosfcdlmg.org.br\/ce2023\/wp-content\/uploads\/2023\/02\/bh2-1.jpg'><img loading=\"lazy\" decoding=\"async\" width=\"570\" height=\"380\" src=\"https:\/\/eventosfcdlmg.org.br\/ce2023\/wp-content\/uploads\/2023\/02\/bh2-1-570x380.jpg\" class=\"attachment-eventalk-size3 size-eventalk-size3\" alt=\"\" srcset=\"https:\/\/eventosfcdlmg.org.br\/ce2023\/wp-content\/uploads\/2023\/02\/bh2-1-570x380.jpg 570w, https:\/\/eventosfcdlmg.org.br\/ce2023\/wp-content\/uploads\/2023\/02\/bh2-1-300x199.jpg 300w, https:\/\/eventosfcdlmg.org.br\/ce2023\/wp-content\/uploads\/2023\/02\/bh2-1-570x380@2x.jpg 1140w, https:\/\/eventosfcdlmg.org.br\/ce2023\/wp-content\/uploads\/2023\/02\/bh2-1-300x199@2x.jpg 600w\" sizes=\"auto, (max-width: 570px) 100vw, 570px\" \/><\/a>\n\t\t\t<\/div><\/figure><figure class='gallery-item'>\n\t\t\t<div class='gallery-icon landscape'>\n\t\t\t\t<a data-elementor-open-lightbox=\"yes\" data-elementor-lightbox-slideshow=\"6ee79cd\" data-elementor-lightbox-title=\"Conjunto Arquitet\u00f4nico da Pampulha\" e-action-hash=\"#elementor-action%3Aaction%3Dlightbox%26settings%3DeyJpZCI6NDQ2NywidXJsIjoiaHR0cHM6XC9cL2V2ZW50b3NmY2RsbWcub3JnLmJyXC9jZTIwMjNcL3dwLWNvbnRlbnRcL3VwbG9hZHNcLzIwMjNcLzAyXC9iaDMtMS5qcGciLCJzbGlkZXNob3ciOiI2ZWU3OWNkIn0%3D\" href='https:\/\/eventosfcdlmg.org.br\/ce2023\/wp-content\/uploads\/2023\/02\/bh3-1.jpg'><img loading=\"lazy\" decoding=\"async\" width=\"570\" height=\"380\" src=\"https:\/\/eventosfcdlmg.org.br\/ce2023\/wp-content\/uploads\/2023\/02\/bh3-1-570x380.jpg\" class=\"attachment-eventalk-size3 size-eventalk-size3\" alt=\"\" srcset=\"https:\/\/eventosfcdlmg.org.br\/ce2023\/wp-content\/uploads\/2023\/02\/bh3-1-570x380.jpg 570w, https:\/\/eventosfcdlmg.org.br\/ce2023\/wp-content\/uploads\/2023\/02\/bh3-1-300x200.jpg 300w, https:\/\/eventosfcdlmg.org.br\/ce2023\/wp-content\/uploads\/2023\/02\/bh3-1-1024x681.jpg 1024w, https:\/\/eventosfcdlmg.org.br\/ce2023\/wp-content\/uploads\/2023\/02\/bh3-1-1536x1021.jpg 1536w, https:\/\/eventosfcdlmg.org.br\/ce2023\/wp-content\/uploads\/2023\/02\/bh3-1.jpg 1600w, https:\/\/eventosfcdlmg.org.br\/ce2023\/wp-content\/uploads\/2023\/02\/bh3-1-570x380@2x.jpg 1140w, https:\/\/eventosfcdlmg.org.br\/ce2023\/wp-content\/uploads\/2023\/02\/bh3-1-300x200@2x.jpg 600w\" sizes=\"auto, (max-width: 570px) 100vw, 570px\" \/><\/a>\n\t\t\t<\/div><\/figure><figure class='gallery-item'>\n\t\t\t<div class='gallery-icon landscape'>\n\t\t\t\t<a data-elementor-open-lightbox=\"yes\" data-elementor-lightbox-slideshow=\"6ee79cd\" data-elementor-lightbox-title=\"Mineir\u00e3o\" e-action-hash=\"#elementor-action%3Aaction%3Dlightbox%26settings%3DeyJpZCI6NDQ2OCwidXJsIjoiaHR0cHM6XC9cL2V2ZW50b3NmY2RsbWcub3JnLmJyXC9jZTIwMjNcL3dwLWNvbnRlbnRcL3VwbG9hZHNcLzIwMjNcLzAyXC9iaDQtMS5qcGciLCJzbGlkZXNob3ciOiI2ZWU3OWNkIn0%3D\" href='https:\/\/eventosfcdlmg.org.br\/ce2023\/wp-content\/uploads\/2023\/02\/bh4-1.jpg'><img loading=\"lazy\" decoding=\"async\" width=\"570\" height=\"380\" src=\"https:\/\/eventosfcdlmg.org.br\/ce2023\/wp-content\/uploads\/2023\/02\/bh4-1-570x380.jpg\" class=\"attachment-eventalk-size3 size-eventalk-size3\" alt=\"\" srcset=\"https:\/\/eventosfcdlmg.org.br\/ce2023\/wp-content\/uploads\/2023\/02\/bh4-1-570x380.jpg 570w, https:\/\/eventosfcdlmg.org.br\/ce2023\/wp-content\/uploads\/2023\/02\/bh4-1-570x380@2x.jpg 1140w\" sizes=\"auto, (max-width: 570px) 100vw, 570px\" \/><\/a>\n\t\t\t<\/div><\/figure><figure class='gallery-item'>\n\t\t\t<div class='gallery-icon landscape'>\n\t\t\t\t<a data-elementor-open-lightbox=\"yes\" data-elementor-lightbox-slideshow=\"6ee79cd\" data-elementor-lightbox-title=\"Mercado Central\" e-action-hash=\"#elementor-action%3Aaction%3Dlightbox%26settings%3DeyJpZCI6NDU4NCwidXJsIjoiaHR0cHM6XC9cL2V2ZW50b3NmY2RsbWcub3JnLmJyXC9jZTIwMjNcL3dwLWNvbnRlbnRcL3VwbG9hZHNcLzIwMjNcLzAyXC9iaDcuanBnIiwic2xpZGVzaG93IjoiNmVlNzljZCJ9\" href='https:\/\/eventosfcdlmg.org.br\/ce2023\/wp-content\/uploads\/2023\/02\/bh7.jpg'><img loading=\"lazy\" decoding=\"async\" width=\"570\" height=\"367\" src=\"https:\/\/eventosfcdlmg.org.br\/ce2023\/wp-content\/uploads\/2023\/02\/bh7.jpg\" class=\"attachment-eventalk-size3 size-eventalk-size3\" alt=\"\" srcset=\"https:\/\/eventosfcdlmg.org.br\/ce2023\/wp-content\/uploads\/2023\/02\/bh7.jpg 570w, https:\/\/eventosfcdlmg.org.br\/ce2023\/wp-content\/uploads\/2023\/02\/bh7-300x193.jpg 300w\" sizes=\"auto, (max-width: 570px) 100vw, 570px\" \/><\/a>\n\t\t\t<\/div><\/figure>\n\t\t<\/div>\n\t\t<\/div>\n\t\t\t\t<\/div>\n\t\t\t\t<\/div>\n\t\t\t\t\t<\/div>\n\t\t<\/div>\n\t\t\t\t\t\t\t<\/div>\n\t\t<\/section>\n\t\t\t\t<section class=\"elementor-section elementor-top-section elementor-element elementor-element-b869eae elementor-section-boxed elementor-section-height-default elementor-section-height-default\" data-id=\"b869eae\" data-element_type=\"section\">\n\t\t\t\t\t\t<div class=\"elementor-container elementor-column-gap-default\">\n\t\t\t\t\t<div class=\"elementor-column elementor-col-100 elementor-top-column elementor-element elementor-element-358274a\" data-id=\"358274a\" data-element_type=\"column\">\n\t\t\t<div class=\"elementor-widget-wrap elementor-element-populated\">\n\t\t\t\t\t\t\t\t<div class=\"elementor-element elementor-element-c1bd468 elementor-widget elementor-widget-text-editor\" data-id=\"c1bd468\" data-element_type=\"widget\" data-widget_type=\"text-editor.default\">\n\t\t\t\t<div class=\"elementor-widget-container\">\n\t\t\t\t\t\t\t<h3><strong>Belo Horizonte \u00e9:<\/strong><\/h3><ul><li><strong>A 3\u00aa cidade do Brasil com o maior n\u00famero de profissionais trabalhando em atividades criativas.<\/strong><\/li><li><strong>Cidade indicada pelo PopulationCrisisCommitee, da ONU, como a metr\u00f3pole com a melhor qualidade de vida na Am\u00e9rica Latina.<\/strong><\/li><li><strong>A capital brasileira com os melhores \u00edndices de consumo cultural e frequ\u00eancia em atividades culturais (Instituto Datafolha).<\/strong><\/li><li><strong>A capital do estado brasileiro com o maior n\u00famero de Patrim\u00f4nios Mundiais reconhecidos pela UNESCO.<\/strong><\/li><li><strong>A cidade vem qualificando a oferta de servi\u00e7os e atraindo novos neg\u00f3cios, alcan\u00e7ando o 5\u00ba maior PIB entre os munic\u00edpios brasileiros, com o setor terci\u00e1rio respondendo por 86% do total das nossas riquezas.<\/strong><\/li><li><strong>A capital soma no setor de Com\u00e9rcio e Servi\u00e7os quase 398 mil estabelecimentos, sendo que 91% s\u00e3o pequenos neg\u00f3cios. Juntas, todas essas empresas geram 83% dos empregos.<\/strong><\/li><\/ul><div><i><b>Fonte:\u00a0<a style=\"font-family: var( --e-global-typography-text-font-family ), Sans-serif; background-color: #ffffff;\" href=\"http:\/\/portalbelohorizonte.com.br\/creativecity\/cidade-criativa\" target=\"_blank\" rel=\"noopener\">Portal Belo Horizonte<\/a><\/b><\/i><\/div>\t\t\t\t\t\t<\/div>\n\t\t\t\t<\/div>\n\t\t\t\t\t<\/div>\n\t\t<\/div>\n\t\t\t\t\t\t\t<\/div>\n\t\t<\/section>\n\t\t\t\t\t\t\t<\/div>\n\t\t","protected":false},"excerpt":{"rendered":"<p>Beag\u00e1: cidade boa para viver e empreender Cercada pela Serra do Curral, que lhe serve de moldura natural e refer\u00eancia hist\u00f3rica, Belo Horizonte conta com uma popula\u00e7\u00e3o de mais de 2,5 milh\u00f5es de pessoas e\u00a0ocupa territ\u00f3rio de 331 km\u00b2 em localiza\u00e7\u00e3o privilegiada. Sua \u00e1rea de influ\u00eancia conta com os 34 munic\u00edpios da Regi\u00e3o Metropolitana, o&#8230;<\/p>\n","protected":false},"author":1,"featured_media":0,"parent":0,"menu_order":0,"comment_status":"closed","ping_status":"closed","template":"","meta":{"footnotes":""},"class_list":["post-1137","page","type-page","status-publish","hentry"],"_links":{"self":[{"href":"https:\/\/eventosfcdlmg.org.br\/ce2023\/wp-json\/wp\/v2\/pages\/1137","targetHints":{"allow":["GET"]}}],"collection":[{"href":"https:\/\/eventosfcdlmg.org.br\/ce2023\/wp-json\/wp\/v2\/pages"}],"about":[{"href":"https:\/\/eventosfcdlmg.org.br\/ce2023\/wp-json\/wp\/v2\/types\/page"}],"author":[{"embeddable":true,"href":"https:\/\/eventosfcdlmg.org.br\/ce2023\/wp-json\/wp\/v2\/users\/1"}],"replies":[{"embeddable":true,"href":"https:\/\/eventosfcdlmg.org.br\/ce2023\/wp-json\/wp\/v2\/comments?post=1137"}],"version-history":[{"count":92,"href":"https:\/\/eventosfcdlmg.org.br\/ce2023\/wp-json\/wp\/v2\/pages\/1137\/revisions"}],"predecessor-version":[{"id":6186,"href":"https:\/\/eventosfcdlmg.org.br\/ce2023\/wp-json\/wp\/v2\/pages\/1137\/revisions\/6186"}],"wp:attachment":[{"href":"https:\/\/eventosfcdlmg.org.br\/ce2023\/wp-json\/wp\/v2\/media?parent=1137"}],"curies":[{"name":"wp","href":"https:\/\/api.w.org\/{rel}","templated":true}]}}